13*n - 5. What is z(-4)?
167
Let z(c) = 2*c**3 - 185*c**2 - 104*c + 923. What is z(93)?
-100
Let b(x) = 195*x + 1781. What is b(-9)?
26
Let b(g) = -136*g - 406. Give b(-6).
410
Let u(q) = -376*q + 6393. Determine u(17).
1
Let t(o) = -2*o**2 - 120*o + 802. Give t(6).
10
Let w(l) = 2*l**2 + 84*l - 2643. What is w(-63)?
3
Let b(k) = -43*k**2 + 637*k - 490. Determine b(14).
0
Let o(a) = a**3 + 7*a**2 + 184*a + 1085. Determine o(-6).
17
Let s(u) = 117*u**2 + 7*u - 48. Determine s(0).
-48
Let d(y) = -y**3 - 23*y**2 - 12*y - 275. What is d(-23)?
1
Let u(d) = -2*d**3 + 89*d**2 + 218*d + 777. Calculate u(47).
-22
Let i(k) = 5*k**2 - 168*k + 339. Determine i(2).
23
Let k(w) = -4*w**3 + 54*w**2 + 25*w + 41. Determine k(14).
-1
Let u(l) = 5*l**2 - 417*l - 688. What is u(85)?
-8
Let g(c) = -6*c + 109. What is g(0)?
109
Let t(h) = -93*h + 3259. Determine t(35).
4
Let c(i) = -4*i - 211. Give c(-56).
13
Let u(y) = -333*y**3 - 6*y**2 - 3*y + 1. Give u(-1).
331
Let k(w) = -w**3 - 19*w**2 + 20*w - 13. What is k(-20)?
-13
Let u(d) = 3160*d - 18954. Give u(6).
6
Let v(h) = h**3 + 45*h**2 + 493*h - 57. Calculate v(-27).
-246
Let z(m) = 451*m + 4050. Determine z(-9).
-9
Let g(x) = -2*x**2 + 51*x + 3964. Calculate g(59).
11
Let d(j) = -5*j**2 - 107*j + 41. Give d(-22).
-25
Let s(d) = -d**2 - 276*d - 3931. Determine s(-15).
-16
Let v(p) = 2*p**2 - 22*p + 112. Calculate v(6).
52
Let x(a) = -5*a**2 - 463*a - 220. Give x(-92).
56
Let v(s) = -s**3 - 4*s**2 + 145*s + 590. Calculate v(-4).
10
Let s(l) = -l**2 + 9. What is s(-4)?
-7
Let o(f) = -6*f**3 - 2*f**2 + 832*f + 832. Determine o(-1).
4
Let o(g) = -12*g**2 - 3957*g - 2965. Give o(-329).
-4
Let n(j) = -4*j**3 + 23*j**2 + 31*j - 5. Calculate n(7).
-33
Let b(k) = -197*k + 5644. Determine b(29).
-69
Let x(o) = 2*o**2 + 61*o - 1144. Give x(13).
-13
Let c(o) = -2*o**3 - 11*o**2 - 4*o - 66. Calculate c(0).
-66
Let i(j) = 17*j + 1267. Determine i(-74).
9
Let v(s) = s**2 + 114*s + 1331. Calculate v(-13).
18
Let d(g) = 4*g**2 + 20*g + 21. Give d(-4).
5
Let b(j) = -j**2 + 43*j + 274. Give b(-6).
-20
Let v(k) = 3*k**3 - 26*k**2 + 6*k - 126. Calculate v(9).
9
Let w(d) = -146*d + 1460. What is w(10)?
0
Let q(h) = -15*h + 124. Give q(6).
34
Let p(h) = -h**2 - 16*h + 1443. Determine p(31).
-14
Let d(b) = -77*b + 485. Calculate d(7).
-54
Let j(c) = 74*c + 514. What is j(-7)?
-4
Let k(b) = 84*b - 116. Calculate k(-3).
-368
Let m(c) = -c**2 + 56*c - 468. Calculate m(9).
-45
Let w(i) = 1173*i - 59820. Calculate w(51).
3
Let d(h) = 18*h**2 + 1294*h - 1297. Give d(1).
15
Let v(d) = -d**3 + 64*d**2 + 15*d - 988. What is v(64)?
-28
Let i(u) = 2*u**2 + 453*u - 2293. Calculate i(5).
22
Let u(d) = -2*d**3 - 48*d**2 - 47*d - 15. Give u(-23).
8
Let v(q) = 31*q**2 + q + 7. Determine v(1).
39
Let c(g) = 23*g**3 - 5*g**2 + 10*g - 2. Give c(1).
26
Let k(p) = p**3 + 7*p**2 + 13*p + 52. What is k(-6)?
10
Let a(p) = 601*p**2 + 5414*p + 18. Determine a(-9).
-27
Let z(b) = 4*b**2 + 79*b - 307. Determine z(4).
73
Let g(r) = 2*r**2 - 7*r - 196. Give g(-8).
-12
Let n(p) = 12*p + 641. What is n(-57)?
-43
Let t(v) = -2967*v + 32640. Give t(11).
3
Let t(r) = -38*r**3 - 5*r + 4. What is t(1)?
-39
Let c(h) = 1892*h + 9482. What is c(-5)?
22
Let u(m) = -176*m + 3161. Give u(18).
-7
Let r(s) = -s**3 - 34*s**2 - 56*s - 1912. Determine r(-34).
-8
Let p(d) = -430*d - 548. Give p(-1).
-118
Let u(x) = 883*x - 16754. Determine u(19).
23
Let p(u) = -2317*u - 4623. Give p(-2).
11
Let y(f) = -f**3 + 2*f**2 + 11*f - 9. What is y(4)?
3
Let c(s) = -123*s**3 - 2*s**2 - s + 1. Calculate c(-1).
123
Let j(v) = -19*v - 515. Give j(-27).
-2
Let d(i) = 33*i - 108. Give d(2).
-42
Let a(v) = v**3 + 7*v**2 - 2*v + 31. Calculate a(-8).
-17
Let t(p) = 28*p + 294. Determine t(-9).
42
Let r(o) = -o**2 + 2011*o - 14034. Calculate r(7).
-6
Let z(n) = 25*n + 295. What is z(0)?
295
Let o(v) = 27*v**2 + 102*v - 48. What is o(-4)?
-24
Let p(i) = 2*i**2 - 144*i - 585. Calculate p(-4).
23
Let g(i) = -7*i - 25. Give g(18).
-151
Let b(t) = -11*t**2 + 223*t + 477. Determine b(-2).
-13
Let n(j) = -7*j**2 + 62*j + 94. What is n(9)?
85
Let q(b) = -48*b - 324. Give q(-2).
-228
Let z(i) = 594*i - 4140. Calculate z(7).
18
Let p(y) = y**3 + 18*y**2 - 646*y + 6. Give p(-36).
-66
Let f(u) = 494*u - 5429. Determine f(11).
5
Let t(a) = 4*a + 44. Determine t(12).
92
Let m(c) = c**2 + 51*c + 392. Determine m(-41).
-18
Let m(v) = -29*v + 1518. Give m(60).
-222
Let u(w) = 2*w**3 + 146*w**2 + 1984*w + 44. Give u(-18).
-28
Let q(g) = 5*g - 295. Calculate q(65).
30
Let g(v) = -91*v**2 - 1178*v + 30. What is g(-13)?
-35
Let q(t) = 12*t + 380. Give q(-18).
164
Let a(v) = v**3 - 4*v**2 - 4*v - 55. Calculate a(6).
-7
Let r(s) = -50*s + 567. Calculate r(11).
17
Let o(g) = -g**3 - 31*g**2 + 28*g + 823. Determine o(-31).
-45
Let b(i) = -1265*i + 16439. Calculate b(13).
-6
Let y(k) = 6*k**2 + 251*k + 117. Calculate y(-41).
-88
Let r(c) = -7*c**2 + 154*c + 621. Determine r(-4).
-107
Let m(s) = 40*s - 390. Determine m(10).
10
Let q(z) = -2*z**2 + 606*z - 3571. Determine q(6).
-7
Let q(z) = z**3 + 7*z**2 - 35*z - 12. What is q(6)?
246
Let c(o) = -9*o**3 - 198*o**2 + 17*o + 377. What is c(-22)?
3
Let c(o) = -3*o + 151. Give c(34).
49
Let r(w) = w**2 - 17*w - 2115. Determine r(-36).
-207
Let b(l) = -304*l - 5482. Calculate b(-18).
-10
Let l(k) = k**3 - 11*k**2 + 11*k - 1. Calculate l(10).
9
Let r(z) = 284*z - 18756. Calculate r(66).
-12
Let s(w) = w**2 + 305*w - 1545. Calculate s(5).
5
Let n(x) = x**3 - 81*x**2 - 83*x + 93. What is n(82)?
11
Let o(i) = -i**2 + 103*i + 1006. Calculate o(-9).
-2
Let c(z) = -374*z + 4117. Calculate c(11).
3
Let c(o) = -632*o - 20887. Calculate c(-33).
-31
Let r(x) = -x**2 + 181*x - 5646. What is r(40)?
-6
Let r(y) = 44*y - 828. Determine r(19).
8
Let o(u) = -3*u**2 + 97*u + 84. Determine o(33).
18
Let z(t) = 646*t + 82681. Calculate z(-128).
-7
Let j(p) = 3*p**3 - p**2 - 14*p - 9. Calculate j(3).
21
Let r(i) = -79*i**2 + 385*i + 42. Give r(5).
-8
Let j(d) = -d**3 + 14*d - 45. What is j(3)?
-30
Let k(a) = -665*a**2 - 2653*a + 2. Calculate k(-4).
-26
Let t(m) = -56*m**2 + 1821*m + 894. Give t(33).
3
Let m(l) = l**3 - 110*l**2 - 700*l + 463. Calculate m(116).
-1
Let i(g) = g**3 - 5*g**2 - 57*g + 215. Calculate i(9).
26
Let v(u) = -29*u - 373. What is v(-13)?
4
Let w(o) = -105*o + 3581. Determine w(34).
11
Let n(f) = 1701*f - 10196. Give n(6).
10
Let x(b) = b**2 - 118*b + 1553. Determine x(15).
8
Let r(l) = 158*l - 18226. Calculate r(115).
-56
Let s(g) = g**2 - 97*g + 1733. Calculate s(21).
137
Let w(l) = l**3 + 72*l**2 - 550*l + 222. Give w(-79).
-15
Let v(k) = -k**2 + 51*k - 534. Give v(15).
6
Let p(t) = t**3 - 3*t**2 - 25*t - 30. What is p(7)?
-9
Let r(f) = 3*f**2 + 70*f + 66. Calculate r(-21).
-81
Let d(n) = 5*n**2 + 90*n + 93. Calculate d(-1).
8
Let w(q) = -q**3 + 45*q**2 - 136*q + 7. Determine w(3).
-23
Let g(o) = -29*o - 159. What is g(-5)?
-14
Let h(g) = -31*g - 14. Give h(5).
-169
Let y(l) = -2*l**2 + 35*l + 84. Give y(20).
-16
Let q(k) = -k**3 + 11*k**2 - 13*k + 64. Determine q(12).
-236
Let s(k) = k**3 - 5*k**2 - 1675*k + 5032. Determine s(3).
-11
Let h(f) = -74*f - 1118. Determine h(-15).
-8
Let y(x) = 24*x - 150. Give y(-10).
-390
Let u(t) = 32*t - 421. Determine u(7).
-197
Let i(q) = q**3 - 59*q**2 + 841*q + 11. What is i(35)?
46
Let q(b) = b**3 + 48*b**2 + 322*b + 98. Calculate q(-40).
18
Let t(r) = -4*r**2 - 16*r - 6. What is t(-3)?
6
Let h(w) = -w**3 + w**2 + 12*w + 1. What is h(4)?
1
Let c(o) = -240*o**2 - 45*o + 45. Determine c(1).
-240
Let q(u) = 47*u + 145. Determine q(4).
333
Let x(l) = -53*l + 317. Determine x(6).
-1
Let t(d) = 23*d**2 + 582*d - 422. Give t(-26).
-6
Let g(f) = f**2 + 32*f + 55. What is g(-26)?
-101
Let g(s) = -s**3 + 65*s**2 - 53*s - 717. Determine g(64).
-13
Let b(n) = 3530*n + 31869. Calculate b(-9).
99
Let k(i) = 158*i + 1896. Determine k(-12).
0
Let x(v) = 6*v**2 - 11*v + 7. Give x(6).
157
Let v(z) = -3553*z + 49740. What is v(14)?
-2
Let j(l) = l**3 - 100*l**2 - 528*l + 391. Give j(105).
76
Let d(c) = c**3 + 6*c**2 + 12*c + 63. Determine d(-7).
-70
Let o(p) = p**2 - 3787*p - 7574. Give o(-2).
4
Let y(u) = u**3 + 9*u**2 - 13*u - 130. Determine y(-9).
-13
Let c(k) = -94*k - 1124. Give c(-12).
4
Let t(l) = 196*l + 29791. Give t(-152).
-1
Let l(a) = 57*a + 167